.
54
What is 2 (base 10) in base 14?
2
29 (base 12) to base 14
25
What is 4 (base 9) in base 12?
4
22 (base 5) to base 14
c
Convert 13 (base 11) to base 15.
e
Convert -1 (base 9) to base 16.
-1
-20 (base 5) to base 6
-14
-a (base 16) to base 15
-a
What is 0 (base 14) in base 13?
0
-1 (base 8) to base 2
-1
Convert 303 (base 7) to base 8.
226
Convert -10001 (base 2) to base 3.
-122
What is -2 (base 11) in base 4?
-2
8a (base 12) to base 2
1101010
What is 5 (base 13) in base 3?
12
27 (base 9) to base 3
221
Convert -2 (base 3) to base 8.
-2
9 (base 13) to base 8
11
131 (base 6) to base 16
37
Convert 4 (base 11) to base 10.
4
-100 (base 6) to base 14
-28
5 (base 15) to base 8
5
What is 0 (base 16) in base 7?
0
0 (base 3) to base 2
0
3102 (base 4) to base 6
550
Convert 10 (base 2) to base 11.
2
What is 126 (base 8) in base 11?
79
Convert -19 (base 15) to base 12.
-20
-103 (base 4) to base 15
-14
25 (base 15) to base 14
27
ab (base 14) to base 4
2113
-1 (base 12) to base 6
-1
What is -112 (base 10) in base 13?
-88
323 (base 4) to base 14
43
Convert -3 (base 8) to base 12.
-3
What is 5 (base 7) in base 14?
5
What is -1b (base 13) in base 4?
-120
1314 (base 5) to base 13
131
What is 3 (base 5) in base 9?
3
2111 (base 3) to base 12
57
Convert 2 (base 16) to base 8.
2
Convert 110 (base 7) to base 2.
111000
What is -19 (base 10) in base 15?
-14
What is -33 (base 4) in base 8?
-17
What is 3121 (base 4) in base 16?
d9
Convert 5 (base 8) to base 7.
5
61 (base 13) to base 7
142
What is -c (base 14) in base 16?
-c
1 (base 4) to base 11
1
What is -4 (base 9) in base 2?
-100
What is 445 (base 6) in base 12?
125
What is 12 (base 6) in base 2?
1000
2 (base 3) to base 7
2
Convert -1424 (base 6) to base 10.
-376
What is -3 (base 5) in base 12?
-3
1 (base 14) to base 10
1
-4 (base 10) to base 12
-4
14 (base 10) to base 5
24
What is -32 (base 16) in base 2?
-110010
Convert -15 (base 8) to base 11.
-12
Convert 27 (base 9) to base 5.
100
What is -4 (base 11) in base 7?
-4
Convert -12 (base 3) to base 15.
-5
What is 12 (base 3) in base 14?
5
11 (base 2) to base 7
3
What is -23 (base 4) in base 14?
-b
What is -111101 (base 2) in base 12?
-51
50 (base 6) to base 11
28
What is -11200 (base 3) in base 11?
-105
Convert -34 (base 5) to base 10.
-19
What is -20 (base 3) in base 9?
-6
Convert 2 (base 3) to base 5.
2
What is 37 (base 9) in base 16?
22
23 (base 4) to base 3
102
Convert 33 (base 8) to base 11.
25
What is 78 (base 13) in base 10?
99
Convert 3 (base 16) to base 2.
11
What is 11 (base 16) in base 14?
13
What is -1221 (base 4) in base 2?
-1101001
1 (base 5) to base 6
1
Convert -11110 (base 2) to base 7.
-42
What is 5 (base 13) in base 11?
5
Convert -3 (base 9) to base 5.
-3
Convert -2 (base 6) to base 8.
-2
What is 4 (base 8) in base 12?
4
-4b (base 12) to base 3
-2012
Convert 1 (base 4) to base 13.
1
Convert -2202 (base 3) to base 12.
-62
What is -2b (base 13) in base 10?
-37
22 (base 16) to base 2
100010
Convert 0 (base 11) to base 13.
0
-12 (base 3) to base 7
-5
What is 3 (base 5) in base 6?
3
-26 (base 11) to base 3
-1001
Convert -12100 (base 3) to base 7.
-264
What is -5 (base 10) in base 4?
-11
2 (base 11) to base 13
2
What is 3 (base 6) in base 15?
3
0 (base 3) to base 12
0
What is 59 (base 10) in base 13?
47
What is -14 (base 5) in base 9?
-10
-18 (base 9) to base 6
-25
Convert -1011 (base 2) to base 12.
-b
Convert 0 (base 9) to base 7.
0
What is 20 (base 4) in base 12?
8
What is 10 (base 3) in base 15?
3
-326 (base 7) to base 8
-247
Convert -4 (base 5) to base 13.
-4
Convert 2 (base 7) to base 6.
2
Convert 10a (base 11) to base 16.
83
3 (base 9) to base 7
3
What is -243 (base 9) in base 2?
-11001001
What is 44 (base 16) in base 12?
58
What is -2 (base 12) in base 10?
-2
Convert -26 (base 10) to base 4.
-122
Convert -322 (base 8) to base 11.
-181
What is 7 (base 15) in base 2?
111
Convert 207 (base 9) to base 13.
100
Convert -9 (base 14) to base 11.
-9
Convert -6 (base 16) to base 6.
-10
25 (base 9) to base 14
19
e1 (base 16) to base 7
441
1 (base 4) to base 8
1
Convert 2 (base 5) to base 11.
2
Convert 160 (base 7) to base 13.
70
What is 5 (base 14) in base 7?
5
What is 10 (base 8) in base 11?
8
-11 (base 13) to base 6
-22
Convert 2 (base 14) to base 10.
2
What is a (base 14) in base 3?
101
Convert -8 (base 16) to base 3.
-22
42 (base 16) to base 15
46
-1 (base 13) to base 16
-1
233 (base 4) to base 7
65
Convert 2 (base 13) to base 12.
2
-48 (base 10) to base 11
-44
What is 4 (base 16) in base 6?
4
-10211 (base 3) to base 15
-6d
What is 0 (base 3) in base 4?
0
What is -2 (base 8) in base 16?
-2
167 (base 8) to base 12
9b
Convert 3 (base 11) to base 8.
3
Convert -21222 (base 3) to base 4.
-3113
Convert -2 (base 15) to base 6.
-2
c5 (base 14) to base 16
ad
What is -44 (base 15) in base 11?
-59
Convert -4 (base 5) to base 14.
-4
-3 (base 11) to base 6
-3
4 (base 10) to base 8
4
2 (base 8) to base 14
2
Convert 2 (base 9) to base 14.
2
Convert -3 (base 4) to base 7.
-3
Convert 1133 (base 5) to base 16.
a8
Convert 20 (base 5) to base 13.
a
40 (base 5) to base 11
19
Convert -57 (base 8) to base 2.
-101111
18 (base 10) to base 7
24
Convert -202 (base 9) to base 2.
-10100100
Convert -8 (base 14) to base 12.
-8
What is 2 (base 4) in base 11?
2
-303 (base 7) to base 14
-aa
-6b (base 15) to base 9
-122
What is 5 (base 13) in base 6?
5
Convert 10 (base 2) to base 8.
2
11 (base 14) to base 13
12
Convert -12 (base 4) to base 3.
-20
What is 4 (base 13) in base 9?
4
What is 23 (base 5) in base 15?
d
7 (base 12) to base 7
10
Convert -42 (base 12) to base 15.
-35
8 (base 9) to base 15
8
12 (base 11) to base 16
d
3 (base 11) to base 16
3
What is -2 (base 8) in base 5?
-2
What is 140 (base 10) in base 13?
aa
Convert -1 (base 2) to base 8.
-1
-11 (base 4) to base 15
-5
What is 6 (base 9) in base 8?
6
Convert c (base 16) to base 12.
10
Convert -21 (base 16) to base 4.
-201
100101 (base 2) to base 9
41
What is -198 (base 11) in base 10?
-228
23 (base 13) to base 3
1002
What is -1 (base 10) in base 9?
-1
Convert -43 (base 6) to base 12.
-23
What is -2 (base 12) in base 3?
-2
What is 16 (base 10) in base 8?
20
10101 (base 2) to base 6
33
What is -201 (base 3) in base 11?
-18
What is 10100101 (base 2) in base 12?
119
What is -1 (base 5) in base 10?
-1
Convert -38 (base 14) to base 9.
-55
43 (base 11) to base 3
1202
What is b3 (base 13) in base 5?
1041
-1000110 (base 2) to base 16
-46
What is 6 (base 13) in base 9?
6
136 (base 11) to base 12
114
What is -1303 (base 5) in base 7?
-410
-3 (base 6) to base 4
-3
What is 10 (base 3) in base 16?
3
Convert -6 (base 8) to base 2.
-110
Convert 3 (base 15) to base 11.
3
-94 (base 10) to base 9
-114
Convert 25 (base 14) to base 6.
53
What is 320 (base 10) in base 14?
18c
-213 (base 5) to base 6
-134
244 (base 6) to base 10
100
Convert 5 (base 6) to base 4.
11
Convert 101 (base 4) to base 8.
21
Convert 29 (base 14) to base 13.
2b
What is -10 (base 6) in base 13?
-6
-5 (base 14) to base 8
-5
What is -4 (base 9) in base 15?
-4
1 (base 16) to base 2
1
4 (base 10) to base 8
4
What is 22 (base 5) in base 11?
11
30 (base 5) to base 16
f
1001 (base 5) to base 16
7e
-101 (base 3) to base 15
-a
15 (base 10) to base 12
13
What is -131 (base 5) in base 3?
-1112
112 (base 3) to base 15
e
What is 52 (base 8) in base 4?
222
d (base 15) to base 8
15
Convert -2 (base 16) to base 10.
-2
-5 (base 14) to base 16
-5
-4 (base 7) to base 8
-4
Convert 121 (base 3) to base 2.
10000
What is -196 (base 13) in base 10?
-292
Convert -d (base 15) to base 10.
-13
What is 2e (base 15) in base 6?
112
Convert 1 (base 5) to base 4.
1
What is -2 (base 8) in base 6?
-2
31 (base 12) to base 6
101
What is -9 (base 16) in base 14?
-9
What is -5 (base 9) in base 13?
-5
What is -1 (base 15) in base 10?
-1
Convert 9 (base 15) to base 6.
13
5 (base 11) to base 4
11
What is 5a (base 12) in base 15?
4a
What is 7 (base 16) in base 3?
21
-aa (base 15) to base 4
-2200
169 (base 13) to base 15
121
What is -5 (base 10) in base 15?
-5
3 (base 5) to base 15
3
What is 6 (base 15) in base 5?
11
What is -131 (base 8) in base 16?
-59
What is 1 (base 3) in base 2?
1
What is -2 (base 15) in base 8?
-2
3 (base 4) to base 10
3
-10 (base 7) to base 6
-11
What is 10 (base 2) in base 7?
2
-67 (base 10) to b